hen 211 is divided by x.
19
What is the remainder when 235 is divided by (-6 - (-15)/(-3))*-1?
4
Let q = 49 - 28. Let u be 2/(5 + -3) + (-8)/(-2). Calculate the remainder when (u + 36/(-8))*78 is divided by q.
18
Suppose 3*s + 3*x - 10 = -4, 0 = -s - 2*x. What is the remainder when 167 is divided by (-12)/(-1*(s + -3))?
11
Suppose 4*c = -a - a + 430, 1040 = 5*a + 3*c. Calculate the remainder when a is divided by 19.
15
Suppose -h = -6*h - 4*q - 63, 54 = -4*h - 5*q. Let w = h - -19. Suppose -4*z - w = -6*z. What is the remainder when z is divided by 1?
0
Suppose 4*p = 3*o - 746, 2*o + 2*o = 5*p + 994. Suppose -42*k = -84*k + 44*k - 38. What is the remainder when o is divided by k?
18
Suppose 0 = -8*d + 158 + 18. Calculate the remainder when 502 is divided by d.
18
Let c(f) = -f**2 - 2*f**2 - 11*f + 13*f + 3 - f**3. Let x be c(-3). Calculate the remainder when 62 is divided by -21*(x - -5 - 3).
20
Suppose v + 13 = 2*w + 1, -5*w + 40 = -5*v. Calculate the remainder when ((-15)/6)/((-4)/16) is divided by w.
2
Suppose 4*r = 31 - 95. Let s = 44 + r. Calculate the remainder when s is divided by 11.
6
Let b(j) = -j + 119. Calculate the remainder when b(8) is divided by 4/10 + 465/25.
16
Suppose 34*w = 412 + 1458. What is the remainder when 162 is divided by w?
52
Suppose 2*i - 12*i = -50. Suppose 30 = i*u - 2*j, -3*j = -2*u - 0*u + 1. Calculate the remainder when 9 is divided by u.
1
Suppose t - 2*t + 57 = 4*o, -t = 3. What is the remainder when 89 is divided by o?
14
Calculate the remainder when 323 is divided by (-42)/7*-1 - -59.
63
Let v = -81 - 8. Let b = -51 - v. What is the remainder when b is divided by 16?
6
Suppose -4*t + 5*v = -8*t + 3779, 15 = -3*v. What is the remainder when t is divided by 159?
156
Let a = 371 + -360. Calculate the remainder when 120 is divided by a.
10
Suppose -5*j = -4*j + 176. Let x = 254 + j. What is the remainder when x is divided by 20?
18
Let v(q) = q**2 - 9*q + 4. Let k be v(9). Suppose -g + 18 = 2*g - 5*i, -g = k*i - 23. Calculate the remainder when 41 is divided by g.
8
Suppose 0*h + 2*h + 50 = 0. Let b = 10 - -19. Let f = h + b. Calculate the remainder when 19 is divided by f.
3
Suppose 307 + 710 = 9*h. What is the remainder when h is divided by 36?
5
Suppose -64 = -114*w + 106*w. Let t be 12 - 1 - (4 + -2). What is the remainder when (-2)/t - 173/(-9) is divided by w?
3
Let u be 0 + (-2)/2 + 1. Let z = 3 - u. Suppose g - x + 7 = 64, 171 = z*g + 5*x. Calculate the remainder when g is divided by 15.
12
Let z(w) = 3*w**2 - 14*w - 5. Calculate the remainder when 1453 is divided by z(9).
109
Let x = -20 - -22. Suppose y - x*k - 9 = 0, 4 + 26 = 3*y - 3*k. What is the remainder when 43 is divided by y?
10
Let s(j) = 2*j**2 - 10*j + 51. What is the remainder when s(6) is divided by 9?
0
Let h be -1*2*164/(-8). Let y = 51 - h. What is the remainder when y is divided by (-6)/(-5)*(-10)/(-4)?
1
Suppose -h - 3*a = -0*a - 9, -h = 5*a - 15. Suppose h = -4*l - 0*l. Suppose l = 3*z + 5 - 23. Calculate the remainder when 9 is divided by z.
3
Let r(i) be the third derivative of -i**4/4 - i**3/6 + 3*i**2. What is the remainder when 51 is divided by r(-2)?
7
Let g = 126 + -68. Calculate the remainder when 1100 is divided by g.
56
Let r = 352 + -302. Calculate the remainder when 394 is divided by r.
44
Let a = -1597 + 1608. Suppose -3*w + 5*w = 62. What is the remainder when w is divided by a?
9
Suppose -28*o + 33*o - 90 = 0. Calculate the remainder when 63 is divided by o.
9
Let i be 1*(-4 - 5*-7). Let c = i - 2. Calculate the remainder when 143 is divided by c.
27
Suppose 3*c - 13 = -n, 0 = 5*n + 3 + 7. Suppose 0 = -0*w + c*w - 520. What is the remainder when w is divided by 35?
34
Suppose 224 = 6*z + 2*z. Calculate the remainder when z is divided by 16.
12
Let k = 37 - 13. Let b = 23 + k. Calculate the remainder when b is divided by ((-30)/25)/(206/(-50) + 4).
7
What is the remainder when (-13)/(-65) + 4917/15 is divided by 47?
46
Suppose -33 = -u - 23. What is the remainder when 53 is divided by u?
3
Let a(g) = 7*g**2 + 2*g - 30. Let u be a(4). Suppose -102 = -3*b - u. Calculate the remainder when b is divided by 2.
0
Suppose -93*l + 25*l = -748. What is the remainder when 19 is divided by l?
8
What is the remainder when (-65)/(-26) + (-915)/(-10) is divided by 25?
19
Let c(i) be the second derivative of -i**3/3 + 21*i**2 - 13*i. Let s(f) = -2*f - 1. Calculate the remainder when c(0) is divided by s(-8).
12
Let i(p) = 5*p**2 + 4*p - 8. What is the remainder when i(2) is divided by 8?
4
Let i = 467 - 448. What is the remainder when 67 is divided by i?
10
Let n = -109 + 165. Suppose -19 - 76 = -5*v. Calculate the remainder when n is divided by v.
18
Let m be -124*1*(-25)/20. Suppose 0*g - 5*g + m = 0. What is the remainder when 182 is divided by g?
27
Let f be (69/(-3))/(1 - 0). Let q = f + 12. Calculate the remainder when 35 is divided by -2 + (-2 + 5 - q).
11
Let s = 88 + -19. Let q = s + -57. What is the remainder when 33 is divided by q?
9
Let y(w) = -2*w**3 - 2*w**2 + 3*w + 3. Suppose 3*f = f + 4*a + 8, -3*a = 5*f - 7. Calculate the remainder when y(-2) is divided by f.
1
Calculate the remainder when 249 is divided by ((-174)/4)/(20/(-40)).
75
Calculate the remainder when (-6)/(0 + 1 - (-133)/(-119)) is divided by 14.
9
Calculate the remainder when 32 is divided by -1 + -4 + 464/29 - 2.
5
Let s = 9583 - 9380. Let t(z) = 7*z**2 - 4*z. Calculate the remainder when s is divided by t(3).
50
Suppose 5*h = 2*x - 1, -7*x = -3*x + 4*h - 16. Suppose 10 = 4*w - x*w. Calculate the remainder when 48 is divided by w.
8
Calculate the remainder when 208 + (-1 + -8 - -1) is divided by 59.
23
Suppose 0 = 5*d + 4*v - 3756, v = d + 327 - 1071. Calculate the remainder when d is divided by 15.
13
Calculate the remainder when 50 is divided by (6 - 507/26)/((-1)/2).
23
Let s = -12 - -14. Suppose -s*b + 3 + 3 = 0. Suppose g = -p + 14, b*g + 17 - 79 = 2*p. Calculate the remainder when 70 is divided by g.
16
Let b be 0 - -2 - -4 - 4. Suppose 16 = 3*l + j, 3*l - b*l + 4*j = -2. Calculate the remainder when 40 is divided by l.
4
Suppose k - 4*k = 2*o + 53, 5 = 5*k. Let r = -3 - o. Suppose 62 = -3*f + 206. What is the remainder when f is divided by r?
23
Suppose 130 + 13 = 3*s - 5*v, 5*v + 225 = 5*s. Calculate the remainder when s is divided by 26.
15
Suppose 0 = n + 4*g + 14, g - 1 - 1 = -3*n. Let p be -2 + (-10)/n + 3. Calculate the remainder when 39 is divided by 2/(p/(-6)) + 17.
19
Suppose -5*v - 2*p - 161 = 0, 13 = v + 5*p + 59. Let k = -507 - -552. Let x = k + v. What is the remainder when 26 is divided by x?
12
Suppose -2*u = -9*u + 126. Suppose -2*h + 3*k = -u, -3*h - h - k + 50 = 0. Calculate the remainder when 34 is divided by h.
10
Suppose 5*m + 15 = 50. Suppose m*i = 5*i - 3*l + 5, 0 = -2*i - l + 3. Suppose 0*x + 4 = 4*x. Calculate the remainder when x is divided by i.
0
Let h(u) = 18*u - 1. Calculate the remainder when (-166)/(-415) - (-954)/15 is divided by h(1).
13
Suppose -2*v + 77 = 5*c - 3, -5*v = 4*c - 81. Calculate the remainder when 335 is divided by c.
13
Let n = 198 + -175. What is the remainder when 45 is divided by n?
22
Let h = 3 + -1. Suppose -2*w - 3*t + 152 = 0, -h*t - 178 = -4*w + 94. Suppose c = v + 16, c - 24 = -6*v + 3*v. Calculate the remainder when w is divided by c.
16
Suppose 3*w + 4*m - 477 = -79, -5*m + 129 = w. Calculate the remainder when w is divided by 27.
26
What is the remainder when (-14)/(-2) - (-114)/1 is divided by 22?
11
Let i(v) = v**3 + 12*v**2 + 28*v + 8. What is the remainder when 39 is divided by i(-4)?
15
Suppose -2*k - 14 + 4 = 0. Let v = k + 20. Suppose 0 = 4*r - 5*m - 168, 4*r + 4*m - 83 = 85. What is the remainder when r is divided by v?
12
What is the remainder when 130 - (196/(-68) + 6/(-51)) is divided by 122?
11
Let m(k) = -k**3 + 9*k**2 + 12. Let l be -6*(21/9 + -3). Suppose l*w - 26 = -2*p, 4*w - 4*p - 1 = -p. Calculate the remainder when m(9) is divided by w.
0
Let k = -14 - -27. Let r = -25 + k. Let h = 25 + r. Calculate the remainder when 36 is divided by h.
10
Suppose -3*t - 31*t + 1054 = 0. What is the remainder when 79 is divided by t?
17
Let s be (-45)/(0 - 9/66). Suppose -7*u + s = -2*u. Suppose -4*g + 5*r = 3*r - u, -r = -5. Calculate the remainder when 53 is divided by g.
